{"id":58,"date":"2021-03-08T18:19:49","date_gmt":"2021-03-08T18:19:49","guid":{"rendered":"https:\/\/smertglobalservices.com\/futurosemergentes\/?page_id=58"},"modified":"2021-03-26T14:42:41","modified_gmt":"2021-03-26T14:42:41","slug":"inicio","status":"publish","type":"page","link":"https:\/\/smertglobalservices.com\/futurosemergentes\/","title":{"rendered":"Inicio"},"content":{"rendered":"<p>[et_pb_section fb_built=\u00bb1&#8243; _builder_version=\u00bb4.9.1&#8243; _module_preset=\u00bbdefault\u00bb background_color=\u00bb#FFFFFF\u00bb custom_margin=\u00bb0px||||false|false\u00bb custom_padding=\u00bb0px||0px||true|false\u00bb][et_pb_row column_structure=\u00bb3_5,2_5&#8243; _builder_version=\u00bb4.9.1&#8243; _module_preset=\u00bbdefault\u00bb custom_margin=\u00bb50px||50px||true|false\u00bb][et_pb_column type=\u00bb3_5&#8243; _builder_version=\u00bb4.9.1&#8243; _module_preset=\u00bbdefault\u00bb][et_pb_text _builder_version=\u00bb4.9.1&#8243; _module_preset=\u00bbdefault\u00bb text_font_size=\u00bb16px\u00bb text_line_height=\u00bb1.8em\u00bb header_2_line_height=\u00bb1.2em\u00bb hover_enabled=\u00bb0&#8243; header_3_font_size=\u00bb24px\u00bb header_3_line_height=\u00bb2em\u00bb sticky_enabled=\u00bb0&#8243;]<\/p>\n<h2>LABORATORIO DE FUTUROS EMERGENTES<\/h2>\n<h3>EN MEDIO DE LA COMPLEJIDAD&#8230; HAG\u00c1MOSLO JUNTOS<\/h3>\n<p>Cada d\u00eda es una oportunidad para concebir y crear el futuro que deseamos. La perspectiva de ese futuro ser\u00e1 tan amplia y rica como nuestros horizontes mentales. As\u00ed, el Laboratorio de Futuros Emergentes, tiene por objetivo reunir grandes mentes, m\u00faltiples perspectivas y valiosas herramientas que nutran y expandan nuestro horizonte mental y nuestras concepciones del mundo que deseamos para, a partir de ello, construirlo juntos.[\/et_pb_text][\/et_pb_column][et_pb_column type=\u00bb2_5&#8243; _builder_version=\u00bb4.9.1&#8243; _module_preset=\u00bbdefault\u00bb][et_pb_image src=\u00bbhttps:\/\/smertglobalservices.com\/futurosemergentes\/wp-content\/uploads\/2021\/03\/rueda.png\u00bb title_text=\u00bbrueda\u00bb align=\u00bbcenter\u00bb _builder_version=\u00bb4.9.1&#8243; _module_preset=\u00bbdefault\u00bb height=\u00bb235px\u00bb][\/et_pb_image][\/et_pb_column][\/et_pb_row][\/et_pb_section][et_pb_section fb_built=\u00bb1&#8243; _builder_version=\u00bb4.9.1&#8243; _module_preset=\u00bbdefault\u00bb background_color=\u00bb#f2f2f2&#8243; custom_margin=\u00bb0px||||false|false\u00bb custom_padding=\u00bb0px||0px||true|false\u00bb][et_pb_row _builder_version=\u00bb4.9.1&#8243; _module_preset=\u00bbdefault\u00bb][et_pb_column type=\u00bb4_4&#8243; _builder_version=\u00bb4.9.1&#8243; _module_preset=\u00bbdefault\u00bb][et_pb_text _builder_version=\u00bb4.9.1&#8243; _module_preset=\u00bbdefault\u00bb]<\/p>\n<h1>14 de Mayo<\/h1>\n<p>[\/et_pb_text][et_pb_shop type=\u00bbproduct_category\u00bb include_categories=\u00bb20&#8243; columns_number=\u00bb4&#8243; _builder_version=\u00bb4.9.1&#8243; _module_preset=\u00bbdefault\u00bb title_font=\u00bb|600||on|||||\u00bb text_orientation=\u00bbcenter\u00bb width=\u00bb65%\u00bb max_width=\u00bb100%\u00bb module_alignment=\u00bbcenter\u00bb border_radii_image=\u00bbon|50%|50%|50%|50%\u00bb border_width_all_image=\u00bb4px\u00bb border_color_all_image=\u00bb#0C71C3&#8243;][\/et_pb_shop][\/et_pb_column][\/et_pb_row][\/et_pb_section][et_pb_section fb_built=\u00bb1&#8243; _builder_version=\u00bb4.9.1&#8243; _module_preset=\u00bbdefault\u00bb background_color=\u00bb#FFFFFF\u00bb custom_margin=\u00bb0px||||false|false\u00bb custom_padding=\u00bb0px||0px||true|false\u00bb][et_pb_row _builder_version=\u00bb4.9.1&#8243; _module_preset=\u00bbdefault\u00bb][et_pb_column type=\u00bb4_4&#8243; _builder_version=\u00bb4.9.1&#8243; _module_preset=\u00bbdefault\u00bb][et_pb_text _builder_version=\u00bb4.9.1&#8243; _module_preset=\u00bbdefault\u00bb]<\/p>\n<h1>15 de Mayo<\/h1>\n<p>[\/et_pb_text][et_pb_shop type=\u00bbproduct_category\u00bb include_categories=\u00bb21&#8243; columns_number=\u00bb4&#8243; _builder_version=\u00bb4.9.1&#8243; _module_preset=\u00bbdefault\u00bb title_font=\u00bb|600||on|||||\u00bb text_orientation=\u00bbcenter\u00bb width=\u00bb65%\u00bb max_width=\u00bb100%\u00bb module_alignment=\u00bbcenter\u00bb border_radii_image=\u00bbon|50%|50%|50%|50%\u00bb border_width_all_image=\u00bb4px\u00bb border_color_all_image=\u00bb#0C71C3&#8243;][\/et_pb_shop][\/et_pb_column][\/et_pb_row][\/et_pb_section][et_pb_section fb_built=\u00bb1&#8243; _builder_version=\u00bb4.9.1&#8243; _module_preset=\u00bbdefault\u00bb background_color=\u00bb#f2f2f2&#8243; custom_margin=\u00bb0px||||false|false\u00bb custom_padding=\u00bb0px||0px||true|false\u00bb][et_pb_row _builder_version=\u00bb4.9.1&#8243; _module_preset=\u00bbdefault\u00bb][et_pb_column type=\u00bb4_4&#8243; _builder_version=\u00bb4.9.1&#8243; _module_preset=\u00bbdefault\u00bb][et_pb_text _builder_version=\u00bb4.9.1&#8243; _module_preset=\u00bbdefault\u00bb]<\/p>\n<h1>16 de Mayo<\/h1>\n<p>[\/et_pb_text][et_pb_shop type=\u00bbproduct_category\u00bb include_categories=\u00bb22&#8243; columns_number=\u00bb4&#8243; _builder_version=\u00bb4.9.1&#8243; _module_preset=\u00bbdefault\u00bb title_font=\u00bb|600||on|||||\u00bb text_orientation=\u00bbcenter\u00bb width=\u00bb65%\u00bb max_width=\u00bb100%\u00bb module_alignment=\u00bbcenter\u00bb border_radii_image=\u00bbon|50%|50%|50%|50%\u00bb border_width_all_image=\u00bb4px\u00bb border_color_all_image=\u00bb#0C71C3&#8243;][\/et_pb_shop][\/et_pb_column][\/et_pb_row][\/et_pb_section][et_pb_section fb_built=\u00bb1&#8243; _builder_version=\u00bb4.9.1&#8243; _module_preset=\u00bbdefault\u00bb background_color=\u00bb#FFFFFF\u00bb][et_pb_row _builder_version=\u00bb4.9.1&#8243; _module_preset=\u00bbdefault\u00bb][et_pb_column type=\u00bb4_4&#8243; _builder_version=\u00bb4.9.1&#8243; _module_preset=\u00bbdefault\u00bb][et_pb_text _builder_version=\u00bb4.9.1&#8243; _module_preset=\u00bbdefault\u00bb]<\/p>\n<h2>Compra tus tickets online<\/h2>\n<p>[\/et_pb_text][et_pb_shop type=\u00bbproduct_category\u00bb include_categories=\u00bb19&#8243; columns_number=\u00bb3&#8243; module_class=\u00bbcompras-mobile\u00bb _builder_version=\u00bb4.9.1&#8243; _module_preset=\u00bbdefault\u00bb title_font=\u00bb|600||on|||||\u00bb text_orientation=\u00bbcenter\u00bb width=\u00bb45%\u00bb module_alignment=\u00bbcenter\u00bb custom_margin=\u00bb||||false|false\u00bb custom_padding=\u00bb||||false|false\u00bb sale_badge_font_size_tablet=\u00bb\u00bb sale_badge_font_size_phone=\u00bb10px\u00bb sale_badge_font_size_last_edited=\u00bbon|phone\u00bb sale_badge_letter_spacing_tablet=\u00bb\u00bb sale_badge_letter_spacing_phone=\u00bb0px\u00bb sale_badge_letter_spacing_last_edited=\u00bbon|phone\u00bb sale_badge_line_height_tablet=\u00bb\u00bb sale_badge_line_height_phone=\u00bb1em\u00bb sale_badge_line_height_last_edited=\u00bbon|phone\u00bb custom_css_main_element=\u00bbwidth:90%;\u00bb custom_css_product=\u00bbwidth:10%;\u00bb border_radii_image=\u00bbon|50%|50%|50%|50%\u00bb border_width_all_image=\u00bb4px\u00bb border_color_all_image=\u00bb#0C71C3&#8243;][\/et_pb_shop][\/et_pb_column][\/et_pb_row][\/et_pb_section]<\/p>\n","protected":false},"excerpt":{"rendered":"<p>[et_pb_section fb_built=\u00bb1&#8243; _builder_version=\u00bb4.9.1&#8243; _module_preset=\u00bbdefault\u00bb background_color=\u00bb#FFFFFF\u00bb custom_margin=\u00bb0px||||false|false\u00bb custom_padding=\u00bb0px||0px||true|false\u00bb][et_pb_row column_structure=\u00bb3_5,2_5&#8243; _builder_version=\u00bb4.9.1&#8243; _module_preset=\u00bbdefault\u00bb custom_margin=\u00bb50px||50px||true|false\u00bb][et_pb_column type=\u00bb3_5&#8243; _builder_version=\u00bb4.9.1&#8243; _module_preset=\u00bbdefault\u00bb][et_pb_text _builder_version=\u00bb4.9.1&#8243; _module_preset=\u00bbdefault\u00bb text_font_size=\u00bb16px\u00bb text_line_height=\u00bb1.8em\u00bb header_2_line_height=\u00bb1.2em\u00bb hover_enabled=\u00bb0&#8243; header_3_font_size=\u00bb24px\u00bb header_3_line_height=\u00bb2em\u00bb sticky_enabled=\u00bb0&#8243;] LABORATORIO DE FUTUROS EMERGENTES EN MEDIO DE LA COMPLEJIDAD&#8230; HAG\u00c1MOSLO JUNTOS Cada d\u00eda es una oportunidad para concebir y crear el futuro que deseamos. La perspectiva de ese futuro ser\u00e1 tan amplia [&hellip;]<\/p>\n","protected":false},"author":2,"featured_media":0,"parent":0,"menu_order":0,"comment_status":"closed","ping_status":"closed","template":"","meta":{"_et_pb_use_builder":"on","_et_pb_old_content":"","_et_gb_content_width":""},"_links":{"self":[{"href":"https:\/\/smertglobalservices.com\/futurosemergentes\/wp-json\/wp\/v2\/pages\/58"}],"collection":[{"href":"https:\/\/smertglobalservices.com\/futurosemergentes\/wp-json\/wp\/v2\/pages"}],"about":[{"href":"https:\/\/smertglobalservices.com\/futurosemergentes\/wp-json\/wp\/v2\/types\/page"}],"author":[{"embeddable":true,"href":"https:\/\/smertglobalservices.com\/futurosemergentes\/wp-json\/wp\/v2\/users\/2"}],"replies":[{"embeddable":true,"href":"https:\/\/smertglobalservices.com\/futurosemergentes\/wp-json\/wp\/v2\/comments?post=58"}],"version-history":[{"count":28,"href":"https:\/\/smertglobalservices.com\/futurosemergentes\/wp-json\/wp\/v2\/pages\/58\/revisions"}],"predecessor-version":[{"id":322,"href":"https:\/\/smertglobalservices.com\/futurosemergentes\/wp-json\/wp\/v2\/pages\/58\/revisions\/322"}],"wp:attachment":[{"href":"https:\/\/smertglobalservices.com\/futurosemergentes\/wp-json\/wp\/v2\/media?parent=58"}],"curies":[{"name":"wp","href":"https:\/\/api.w.org\/{rel}","templated":true}]}}